{"id":2887,"date":"2021-09-03T04:06:37","date_gmt":"2021-09-03T02:06:37","guid":{"rendered":"https:\/\/justice-initiative.eu\/about\/"},"modified":"2022-05-09T16:02:38","modified_gmt":"2022-05-09T14:02:38","slug":"about","status":"publish","type":"page","link":"https:\/\/justice-initiative.eu\/pt-pt\/about\/","title":{"rendered":"SOBRE"},"content":{"rendered":"<div class=\"fusion-fullwidth fullwidth-box fusion-builder-row-1 fusion-flex-container nonhundred-percent-fullwidth non-hundred-percent-height-scrolling\" style=\"--awb-border-radius-top-left:0px;--awb-border-radius-top-right:0px;--awb-border-radius-bottom-right:0px;--awb-border-radius-bottom-left:0px;--awb-flex-wrap:wrap;\" ><div class=\"fusion-builder-row fusion-row fusion-flex-align-items-flex-start fusion-flex-content-wrap\" style=\"max-width:1289.6px;margin-left: calc(-4% \/ 2 );margin-right: calc(-4% \/ 2 );\"><div class=\"fusion-layout-column fusion_builder_column fusion-builder-column-0 fusion_builder_column_1_1 1_1 fusion-flex-column\" style=\"--awb-bg-size:cover;--awb-width-large:100%;--awb-margin-top-large:0px;--awb-spacing-right-large:1.92%;--awb-margin-bottom-large:20px;--awb-spacing-left-large:1.92%;--awb-width-medium:100%;--awb-order-medium:0;--awb-spacing-right-medium:1.92%;--awb-spacing-left-medium:1.92%;--awb-width-small:100%;--awb-order-small:0;--awb-spacing-right-small:1.92%;--awb-spacing-left-small:1.92%;\"><div class=\"fusion-column-wrapper fusion-column-has-shadow fusion-flex-justify-content-flex-start fusion-content-layout-column\"><div class=\"fusion-title title fusion-title-1 fusion-sep-none fusion-title-text fusion-title-size-two\"><h2 class=\"fusion-title-heading title-heading-left\" style=\"margin:0;\"><p style=\"font-weight: 400;\">A origem da nossa iniciativa pol\u00edtica<\/p><\/h2><\/div><div class=\"fusion-separator\" style=\"align-self: flex-start;margin-right:auto;margin-top:0px;margin-bottom:40px;width:100%;max-width:200px;\"><div class=\"fusion-separator-border sep-single sep-solid\" style=\"--awb-height:20px;--awb-amount:20px;--awb-sep-color:#fec96b;border-color:#fec96b;border-top-width:3px;\"><\/div><\/div><div class=\"fusion-text fusion-text-1\"><p style=\"font-weight: 400;\"><strong>O abuso de crian\u00e7as e a falta de reavalia\u00e7\u00e3o hist\u00f3rica s\u00e3o um problema pan-europeu. Neste contexto, a Su\u00ed\u00e7a \u00e9 um exemplo quando se trata de lidar com o passado. Uma iniciativa pol\u00edtica conduziu a uma solu\u00e7\u00e3o abrangente. No <\/strong><strong>cerne da iniciativa <\/strong><strong>estavam: Verdade sobre abusos infantis, Reconhecimento oficial, Repara\u00e7\u00e3o, Preven\u00e7\u00e3o. O sucesso desta iniciativa deve ser seguido a n\u00edvel europeu. A experi\u00eancia da Su\u00ed\u00e7a ser\u00e1 a base do trabalho pol\u00edtico a n\u00edvel europeu.<\/strong><\/p>\n<p style=\"font-weight: 400;\">Na Su\u00ed\u00e7a, dezenas de milhares de crian\u00e7as e jovens foram contratados pelas autoridades para explora\u00e7\u00f5es agr\u00edcolas como fonte de m\u00e3o-de-obra barata, ou colocados em lares geridos com severidade, ou em institui\u00e7\u00f5es fechadas ou mesmo em pris\u00f5es, sem qualquer decis\u00e3o judicial. Estas crian\u00e7as e jovens sofreram injusti\u00e7as indescrit\u00edveis. Em alguns casos foram expostos a viol\u00eancia f\u00edsica e psicol\u00f3gica, explorados e abusados sexualmente, e em alguns casos retirados \u00e0s suas pr\u00f3prias fam\u00edlias. Em particular gra\u00e7as a uma iniciativa popular da Funda\u00e7\u00e3o Guido Fluri -, com mais de 100 000 assinaturas recolhidas, muito alterada a n\u00edvel social e pol\u00edtico num curto espa\u00e7o de tempo, o que resultou num repensar. Em tempo recorde, a Lei Federal sobre Medidas Sociais Obrigat\u00f3rias e Coloca\u00e7\u00f5es antes de 1981 (CSMPA) foi redigida e aprovada por ambas as c\u00e2maras do Parlamento com maiorias claras. A Lei entrou em vigor a 1 de abril de 2017 e o processo de chegar a um acordo com o passado est\u00e1 agora a caminho.<\/p>\n<p style=\"font-weight: 400;\">O processo de reavalia\u00e7\u00e3o su\u00ed\u00e7o foi observado com grande interesse nos pa\u00edses vizinhos. Por mais diferentes e espec\u00edficos que os casos de abuso se situam nos diferentes pa\u00edses, pessoas de muitos outros pa\u00edses europeus s\u00e3o afetadas por viola\u00e7\u00f5es semelhantes dos direitos humanos. A experi\u00eancia su\u00ed\u00e7a positiva destina-se a apoiar outros pa\u00edses europeus que est\u00e3o a iniciar o processo de chegar a um acordo com o passado ou que j\u00e1 est\u00e3o neste caminho. Guido Fluri, presidente da funda\u00e7\u00e3o com o mesmo nome, dedicado \u00e0 prote\u00e7\u00e3o da crian\u00e7a, vai voltar a apoiar a iniciativa pol\u00edtica europeia, como j\u00e1 fez na Su\u00ed\u00e7a.<\/p>\n<p style=\"font-weight: 400;\">Um simp\u00f3sio internacional em Berna, a meio de setembro, foi um primeiro passo nesse sentido. A situa\u00e7\u00e3o nos v\u00e1rios pa\u00edses europeus foi examinada e representantes do Gabinete Federal de Justi\u00e7a, entre outros, mostraram como a Su\u00ed\u00e7a implementou o processo de acerto de contas com o seu passado e como os projetos de autoajuda direcionados est\u00e3o a ajudar sobreviventes e v\u00edtimas, para al\u00e9m de solu\u00e7\u00f5es legais. O simp\u00f3sio contou com a presen\u00e7a de peritos internacionais, pessoas e organiza\u00e7\u00f5es afetadas que os representam, representantes dos meios de comunica\u00e7\u00e3o social da Su\u00ed\u00e7a e do estrangeiro. Por ocasi\u00e3o deste simp\u00f3sio, os participantes decidiram lan\u00e7ar uma mo\u00e7\u00e3o ao Conselho da Europa.<\/p>\n<\/div><div ><a class=\"fusion-button button-flat fusion-button-default-size button-default fusion-button-default button-1 fusion-button-default-span fusion-button-default-type\" style=\"--button_margin-top:25px;\" target=\"_self\" href=\"https:\/\/justice-initiative.eu\/contact\/\"><span class=\"fusion-button-text\">For further questions please contact us<\/span><\/a><\/div>\n<\/div><\/div><\/div><\/div>\n","protected":false},"excerpt":{"rendered":"","protected":false},"author":2,"featured_media":0,"parent":0,"menu_order":0,"comment_status":"closed","ping_status":"closed","template":"100-width.php","meta":[],"yoast_head":"<!-- This site is optimized with the Yoast SEO plugin v21.7 - https:\/\/yoast.com\/wordpress\/plugins\/seo\/ -->\n<title>Abuse of children |An ongoing issue in Europe | Justice Initiative<\/title>\n<meta name=\"description\" content=\"Our political initiative has led to a comprehensive solution. Justice Initiative is the basis for political work at the European level. Read more!\" \/>\n<meta name=\"robots\" content=\"index, follow, max-snippet:-1, max-image-preview:large, max-video-preview:-1\" \/>\n<link rel=\"canonical\" href=\"https:\/\/justice-initiative.eu\/pt-pt\/about\/\" \/>\n<meta property=\"og:locale\" content=\"pt_PT\" \/>\n<meta property=\"og:type\" content=\"article\" \/>\n<meta property=\"og:title\" content=\"Abuse of children |An ongoing issue in Europe | Justice Initiative\" \/>\n<meta property=\"og:description\" content=\"Our political initiative has led to a comprehensive solution. Justice Initiative is the basis for political work at the European level. Read more!\" \/>\n<meta property=\"og:url\" content=\"https:\/\/justice-initiative.eu\/pt-pt\/about\/\" \/>\n<meta property=\"og:site_name\" content=\"Justice Initiative\" \/>\n<meta property=\"article:modified_time\" content=\"2022-05-09T14:02:38+00:00\" \/>\n<meta name=\"twitter:card\" content=\"summary_large_image\" \/>\n<meta name=\"twitter:label1\" content=\"Tempo estimado de leitura\" \/>\n\t<meta name=\"twitter:data1\" content=\"4 minutos\" \/>\n<script type=\"application\/ld+json\" class=\"yoast-schema-graph\">{\"@context\":\"https:\/\/schema.org\",\"@graph\":[{\"@type\":[\"WebPage\",\"AboutPage\"],\"@id\":\"https:\/\/justice-initiative.eu\/pt-pt\/about\/\",\"url\":\"https:\/\/justice-initiative.eu\/pt-pt\/about\/\",\"name\":\"Abuse of children |An ongoing issue in Europe | Justice Initiative\",\"isPartOf\":{\"@id\":\"https:\/\/justice-initiative.eu\/pt-pt\/#website\"},\"datePublished\":\"2021-09-03T02:06:37+00:00\",\"dateModified\":\"2022-05-09T14:02:38+00:00\",\"description\":\"Our political initiative has led to a comprehensive solution. Justice Initiative is the basis for political work at the European level. Read more!\",\"breadcrumb\":{\"@id\":\"https:\/\/justice-initiative.eu\/pt-pt\/about\/#breadcrumb\"},\"inLanguage\":\"pt-PT\",\"potentialAction\":[{\"@type\":\"ReadAction\",\"target\":[\"https:\/\/justice-initiative.eu\/pt-pt\/about\/\"]}]},{\"@type\":\"BreadcrumbList\",\"@id\":\"https:\/\/justice-initiative.eu\/pt-pt\/about\/#breadcrumb\",\"itemListElement\":[{\"@type\":\"ListItem\",\"position\":1,\"name\":\"Home\",\"item\":\"https:\/\/justice-initiative.eu\/pt-pt\/\"},{\"@type\":\"ListItem\",\"position\":2,\"name\":\"SOBRE\"}]},{\"@type\":\"WebSite\",\"@id\":\"https:\/\/justice-initiative.eu\/pt-pt\/#website\",\"url\":\"https:\/\/justice-initiative.eu\/pt-pt\/\",\"name\":\"Justice Initiative\",\"description\":\"\",\"publisher\":{\"@id\":\"https:\/\/justice-initiative.eu\/pt-pt\/#organization\"},\"potentialAction\":[{\"@type\":\"SearchAction\",\"target\":{\"@type\":\"EntryPoint\",\"urlTemplate\":\"https:\/\/justice-initiative.eu\/pt-pt\/?s={search_term_string}\"},\"query-input\":\"required name=search_term_string\"}],\"inLanguage\":\"pt-PT\"},{\"@type\":\"Organization\",\"@id\":\"https:\/\/justice-initiative.eu\/pt-pt\/#organization\",\"name\":\"Justice Initiative\",\"url\":\"https:\/\/justice-initiative.eu\/pt-pt\/\",\"logo\":{\"@type\":\"ImageObject\",\"inLanguage\":\"pt-PT\",\"@id\":\"https:\/\/justice-initiative.eu\/pt-pt\/#\/schema\/logo\/image\/\",\"url\":\"https:\/\/justice-initiative.eu\/wp-content\/uploads\/2021\/09\/favicon.png\",\"contentUrl\":\"https:\/\/justice-initiative.eu\/wp-content\/uploads\/2021\/09\/favicon.png\",\"width\":100,\"height\":103,\"caption\":\"Justice Initiative\"},\"image\":{\"@id\":\"https:\/\/justice-initiative.eu\/pt-pt\/#\/schema\/logo\/image\/\"}}]}<\/script>\n<!-- \/ Yoast SEO plugin. -->","yoast_head_json":{"title":"Abuse of children |An ongoing issue in Europe | Justice Initiative","description":"Our political initiative has led to a comprehensive solution. Justice Initiative is the basis for political work at the European level. Read more!","robots":{"index":"index","follow":"follow","max-snippet":"max-snippet:-1","max-image-preview":"max-image-preview:large","max-video-preview":"max-video-preview:-1"},"canonical":"https:\/\/justice-initiative.eu\/pt-pt\/about\/","og_locale":"pt_PT","og_type":"article","og_title":"Abuse of children |An ongoing issue in Europe | Justice Initiative","og_description":"Our political initiative has led to a comprehensive solution. Justice Initiative is the basis for political work at the European level. Read more!","og_url":"https:\/\/justice-initiative.eu\/pt-pt\/about\/","og_site_name":"Justice Initiative","article_modified_time":"2022-05-09T14:02:38+00:00","twitter_card":"summary_large_image","twitter_misc":{"Tempo estimado de leitura":"4 minutos"},"schema":{"@context":"https:\/\/schema.org","@graph":[{"@type":["WebPage","AboutPage"],"@id":"https:\/\/justice-initiative.eu\/pt-pt\/about\/","url":"https:\/\/justice-initiative.eu\/pt-pt\/about\/","name":"Abuse of children |An ongoing issue in Europe | Justice Initiative","isPartOf":{"@id":"https:\/\/justice-initiative.eu\/pt-pt\/#website"},"datePublished":"2021-09-03T02:06:37+00:00","dateModified":"2022-05-09T14:02:38+00:00","description":"Our political initiative has led to a comprehensive solution. Justice Initiative is the basis for political work at the European level. Read more!","breadcrumb":{"@id":"https:\/\/justice-initiative.eu\/pt-pt\/about\/#breadcrumb"},"inLanguage":"pt-PT","potentialAction":[{"@type":"ReadAction","target":["https:\/\/justice-initiative.eu\/pt-pt\/about\/"]}]},{"@type":"BreadcrumbList","@id":"https:\/\/justice-initiative.eu\/pt-pt\/about\/#breadcrumb","itemListElement":[{"@type":"ListItem","position":1,"name":"Home","item":"https:\/\/justice-initiative.eu\/pt-pt\/"},{"@type":"ListItem","position":2,"name":"SOBRE"}]},{"@type":"WebSite","@id":"https:\/\/justice-initiative.eu\/pt-pt\/#website","url":"https:\/\/justice-initiative.eu\/pt-pt\/","name":"Justice Initiative","description":"","publisher":{"@id":"https:\/\/justice-initiative.eu\/pt-pt\/#organization"},"potentialAction":[{"@type":"SearchAction","target":{"@type":"EntryPoint","urlTemplate":"https:\/\/justice-initiative.eu\/pt-pt\/?s={search_term_string}"},"query-input":"required name=search_term_string"}],"inLanguage":"pt-PT"},{"@type":"Organization","@id":"https:\/\/justice-initiative.eu\/pt-pt\/#organization","name":"Justice Initiative","url":"https:\/\/justice-initiative.eu\/pt-pt\/","logo":{"@type":"ImageObject","inLanguage":"pt-PT","@id":"https:\/\/justice-initiative.eu\/pt-pt\/#\/schema\/logo\/image\/","url":"https:\/\/justice-initiative.eu\/wp-content\/uploads\/2021\/09\/favicon.png","contentUrl":"https:\/\/justice-initiative.eu\/wp-content\/uploads\/2021\/09\/favicon.png","width":100,"height":103,"caption":"Justice Initiative"},"image":{"@id":"https:\/\/justice-initiative.eu\/pt-pt\/#\/schema\/logo\/image\/"}}]}},"_links":{"self":[{"href":"https:\/\/justice-initiative.eu\/pt-pt\/wp-json\/wp\/v2\/pages\/2887"}],"collection":[{"href":"https:\/\/justice-initiative.eu\/pt-pt\/wp-json\/wp\/v2\/pages"}],"about":[{"href":"https:\/\/justice-initiative.eu\/pt-pt\/wp-json\/wp\/v2\/types\/page"}],"author":[{"embeddable":true,"href":"https:\/\/justice-initiative.eu\/pt-pt\/wp-json\/wp\/v2\/users\/2"}],"replies":[{"embeddable":true,"href":"https:\/\/justice-initiative.eu\/pt-pt\/wp-json\/wp\/v2\/comments?post=2887"}],"version-history":[{"count":7,"href":"https:\/\/justice-initiative.eu\/pt-pt\/wp-json\/wp\/v2\/pages\/2887\/revisions"}],"predecessor-version":[{"id":4682,"href":"https:\/\/justice-initiative.eu\/pt-pt\/wp-json\/wp\/v2\/pages\/2887\/revisions\/4682"}],"wp:attachment":[{"href":"https:\/\/justice-initiative.eu\/pt-pt\/wp-json\/wp\/v2\/media?parent=2887"}],"curies":[{"name":"wp","href":"https:\/\/api.w.org\/{rel}","templated":true}]}}

<div class="fusion-fullwidth fullwidth-box fusion-builder-row-1 fusion-flex-container nonhundred-percent-fullwidth non-hundred-percent-height-scrolling" style="--awb-border-radius-top-left:0px;--awb-border-radius-top-right:0px;--awb-border-radius-bottom-right:0px;--awb-border-radius-bottom-left:0px;--awb-flex-wrap:wrap;" ><div class="fusion-builder-row fusion-row fusion-flex-align-items-flex-start fusion-flex-content-wrap" style="max-width:1289.6px;margin-left: calc(-4% / 2 );margin-right: calc(-4% / 2 );"><div class="fusion-layout-column fusion_builder_column fusion-builder-column-0 fusion_builder_column_1_1 1_1 fusion-flex-column" style="--awb-bg-size:cover;--awb-width-large:100%;--awb-margin-top-large:0px;--awb-spacing-right-large:1.92%;--awb-margin-bottom-large:20px;--awb-spacing-left-large:1.92%;--awb-width-medium:100%;--awb-order-medium:0;--awb-spacing-right-medium:1.92%;--awb-spacing-left-medium:1.92%;--awb-width-small:100%;--awb-order-small:0;--awb-spacing-right-small:1.92%;--awb-spacing-left-small:1.92%;"><div class="fusion-column-wrapper fusion-column-has-shadow fusion-flex-justify-content-flex-start fusion-content-layout-column"><div class="fusion-title title fusion-title-1 fusion-sep-none fusion-title-text fusion-title-size-two"><h2 class="fusion-title-heading title-heading-left" style="margin:0;"><p style="font-weight: 400;">A origem da nossa iniciativa política</p></h2></div><div class="fusion-separator" style="align-self: flex-start;margin-right:auto;margin-top:0px;margin-bottom:40px;width:100%;max-width:200px;"><div class="fusion-separator-border sep-single sep-solid" style="--awb-height:20px;--awb-amount:20px;--awb-sep-color:#fec96b;border-color:#fec96b;border-top-width:3px;"></div></div><div class="fusion-text fusion-text-1"><p style="font-weight: 400;"><strong>O abuso de crianças e a falta de reavaliação histórica são um problema pan-europeu. Neste contexto, a Suíça é um exemplo quando se trata de lidar com o passado. Uma iniciativa política conduziu a uma solução abrangente. No </strong><strong>cerne da iniciativa </strong><strong>estavam: Verdade sobre abusos infantis, Reconhecimento oficial, Reparação, Prevenção. O sucesso desta iniciativa deve ser seguido a nível europeu. A experiência da Suíça será a base do trabalho político a nível europeu.</strong></p>
<p style="font-weight: 400;">Na Suíça, dezenas de milhares de crianças e jovens foram contratados pelas autoridades para explorações agrícolas como fonte de mão-de-obra barata, ou colocados em lares geridos com severidade, ou em instituições fechadas ou mesmo em prisões, sem qualquer decisão judicial. Estas crianças e jovens sofreram injustiças indescritíveis. Em alguns casos foram expostos a violência física e psicológica, explorados e abusados sexualmente, e em alguns casos retirados às suas próprias famílias. Em particular graças a uma iniciativa popular da Fundação Guido Fluri -, com mais de 100 000 assinaturas recolhidas, muito alterada a nível social e político num curto espaço de tempo, o que resultou num repensar. Em tempo recorde, a Lei Federal sobre Medidas Sociais Obrigatórias e Colocações antes de 1981 (CSMPA) foi redigida e aprovada por ambas as câmaras do Parlamento com maiorias claras. A Lei entrou em vigor a 1 de abril de 2017 e o processo de chegar a um acordo com o passado está agora a caminho.</p>
<p style="font-weight: 400;">O processo de reavaliação suíço foi observado com grande interesse nos países vizinhos. Por mais diferentes e específicos que os casos de abuso se situam nos diferentes países, pessoas de muitos outros países europeus são afetadas por violações semelhantes dos direitos humanos. A experiência suíça positiva destina-se a apoiar outros países europeus que estão a iniciar o processo de chegar a um acordo com o passado ou que já estão neste caminho. Guido Fluri, presidente da fundação com o mesmo nome, dedicado à proteção da criança, vai voltar a apoiar a iniciativa política europeia, como já fez na Suíça.</p>
<p style="font-weight: 400;">Um simpósio internacional em Berna, a meio de setembro, foi um primeiro passo nesse sentido. A situação nos vários países europeus foi examinada e representantes do Gabinete Federal de Justiça, entre outros, mostraram como a Suíça implementou o processo de acerto de contas com o seu passado e como os projetos de autoajuda direcionados estão a ajudar sobreviventes e vítimas, para além de soluções legais. O simpósio contou com a presença de peritos internacionais, pessoas e organizações afetadas que os representam, representantes dos meios de comunicação social da Suíça e do estrangeiro. Por ocasião deste simpósio, os participantes decidiram lançar uma moção ao Conselho da Europa.</p>
</div><div ><a class="fusion-button button-flat fusion-button-default-size button-default fusion-button-default button-1 fusion-button-default-span fusion-button-default-type" style="--button_margin-top:25px;" target="_self" href="https://justice-initiative.eu/contact/"><span class="fusion-button-text">For further questions please contact us</span></a></div>
</div></div></div></div>
